 - y**3 - y**2 - 4*y + 8. Let j be f(4). Calculate the highest common divisor of j and k.
12
Let b(m) = -30*m - 120. Let y = 227 - 235. Let x be b(y). What is the highest common divisor of 150 and x?
30
Let q = 59 + 18. Let m = 358 + -369. Let n = q + m. What is the greatest common divisor of 44 and n?
22
Suppose 80*b - 81*b = -153. Suppose 60 = -u - 4*u. Let f be (-1218)/u + (-2)/(-4). Calculate the highest common factor of f and b.
51
Let b = -31 - -36. Let g = -26 - -30. Suppose -5*n = -2*w - 200, -g*w - w + 200 = 5*n. Calculate the greatest common factor of b and n.
5
Let o(r) = -4*r**2 + 101*r + 353. Let c be o(26). What is the highest common divisor of c and 935?
55
Let z be (-1218)/12 - 1/2. Let f = 136 + z. Let i be ((-3)/(-3))/(2/f). Calculate the greatest common factor of 119 and i.
17
Let r be (-1932)/23*7/((-42)/4). Suppose u = 1 + 1. Let z be u/(-1) + (-710)/(-5). Calculate the highest common divisor of r and z.
28
Let y(u) = -10*u - 2*u**2 - 10 + 17*u + 23*u**2 + 8*u**2 - 6*u. Let o be y(-3). What is the highest common factor of o and 8?
8
Let i be (-1 - 5)*((-17)/6 - -2). Suppose -i = -4*m + 11. Let n be ((-980)/42)/(-1 - m/(-6)). Calculate the greatest common divisor of n and 175.
35
Let t(h) = -37*h - 3369. Let p be t(-95). What is the highest common factor of p and 26207?
73
Suppose 0 = -58*l - 144*l + 37370. What is the greatest common factor of l and 19055?
185
Let x be 4/(-18) + 11 + 5/45*659. Calculate the greatest common divisor of 636 and x.
12
Let b(t) = t**3 - 60*t - 4. Let m be b(9). Suppose 2*u - k = m + 17, -5*u + k + 499 = 0. What is the highest common divisor of 36 and u?
9
Suppose -343*k - 672 = -367*k. Calculate the greatest common factor of k and 938.
14
Let d = -2805 + 366. Let j = 3654 + d. What is the greatest common factor of 27 and j?
27
Let b(q) = -q**3 + 11*q**2 + 2*q - 15. Let g be b(7). Calculate the highest common divisor of g and 897.
39
Suppose -5*s + 2585 = 5*v, -5*s = -19*v + 23*v - 2585. Calculate the greatest common factor of 376 and s.
47
Let c = -221 - -236. Let p be (-61)/(-4) - (-2)/(-8). What is the highest common factor of p and c?
15
Let j = 10347 + -6772. Calculate the greatest common divisor of 52 and j.
13
Let x be 93/155 - (-54)/10. Suppose 5*z + x*r - 20 = 7*r, 3*z - 12 = -2*r. What is the highest common factor of 16 and z?
4
Let v = 492 + -511. Let x(l) = 2*l**2 + 28*l + 8. Let r be x(v). Calculate the highest common divisor of r and 36.
18
Let r be 5/((-105)/(-6))*(-7 + 14). Suppose -j + r*p = -26, j + 4*p = -j + 20. Calculate the greatest common factor of j and 4.
2
Suppose q = i + 4*q - 14, -4*i + 4*q = -24. Suppose 7*k - k = 120. Suppose 4*a - k = 12. What is the greatest common divisor of i and a?
8
Suppose 21*w - 499 - 4415 = 0. Suppose 4*l + l - 155 = 0. Suppose -2*m = -l - 21. What is the greatest common factor of m and w?
26
Let s = -25285 + 26133. What is the greatest common divisor of s and 200?
8
Let g be 15 - (-138)/(-115)*10/(-3). Let f(l) = -4*l**2 + 88*l + 19. Let p be f(g). What is the highest common factor of p and 19?
19
Suppose 10*w = -7*w + 2295. Let j = 207 - w. Calculate the greatest common divisor of 90 and j.
18
Let t be ((-561)/(-3) - 4) + -3. Suppose p + 5*i = 72, i = p - 5*p + 288. Suppose 7*y - p = 6*y. What is the greatest common divisor of t and y?
36
Let b be 2/8 - 334/(-8). Let s(o) = 30*o**3 + 4*o**2 + 23*o - 29. Let f be s(1). What is the greatest common factor of b and f?
14
Suppose 0 = -629*k + 628*k + 212. Let h = k + -100. Calculate the greatest common divisor of 32 and h.
16
Suppose -m = -4*m + 36. Suppose m + 28 = 5*n. Let p = 42311 + -42307. What is the highest common divisor of p and n?
4
Let m = -17 + 27. Let s be ((-24)/9)/(56/(-210)). Calculate the greatest common factor of s and m.
10
Suppose -3*a - 34 = -394. Let h = -94 + a. Let c be (18 - 2)*(-52)/(-8). What is the greatest common divisor of c and h?
26
Suppose 85 - 377 = -4*c. Let f = -16 + c. Suppose 4*k - 9 + f = 2*n, -3*n + 17 = 5*k. What is the highest common factor of 7 and n?
7
Suppose 2189 = x + 2*z, z + 1221 = x - 965. What is the greatest common factor of x and 27?
27
Let i = -2935 - -3319. Calculate the highest common divisor of 60 and i.
12
Suppose -131*r = -245731 + 22900. What is the highest common divisor of 231 and r?
21
Suppose -532*c + 392 = -533*c. Let v = c + 427. Calculate the highest common factor of 7 and v.
7
Let m(p) be the first derivative of -4/3*p**3 - 7*p - 3*p**2 + 23 - 1/4*p**4. Let r be m(-3). Calculate the highest common divisor of 4 and r.
2
Let l(a) = 3*a - 38. Let t be -7 + 3 + 2 - 168/(-8). Let q be l(t). Suppose q*r - 13*r = 60. Calculate the greatest common divisor of r and 20.
10
Suppose 3*l - 114 = -0*l. Let b = l + -20. Suppose 616*s - 10073 = 34279. What is the highest common factor of s and b?
18
Suppose -4*h + 652 = 4*p, -31*h + 2*p = -34*h + 491. What is the greatest common divisor of 20 and h?
5
Suppose 0 = -5*m + 20, 4*m - 90553 = -5*z - 587. What is the highest common factor of z and 140?
70
Let v be (5/(-35))/((-11)/(-77)) + (-4421)/(-1). Calculate the highest common factor of v and 13.
13
Let d = 3286 - 1109. Calculate the greatest common factor of 7 and d.
7
Let u(d) = 417*d + 150. Let y be u(4). What is the greatest common factor of 36 and y?
18
Let g(v) = 31 + 13*v + 7 - 38. Let i be g(6). Calculate the greatest common factor of i and 13.
13
Let h(j) = -2*j**2 - 12*j + 8. Suppose -51*a + 50*a - 7 = 0. Let g be h(a). Let u be (-133)/(-21) - (-2)/g. Calculate the highest common factor of u and 15.
3
Suppose 4*l = 253 + 683. Let i be ((-39)/l)/(2/(-24)). What is the highest common factor of i and 25?
1
Suppose 107878 = 3*q - 2*r, -92*q + 90*q - 2*r = -71902. Calculate the highest common factor of 178 and q.
178
Let c(y) = -184*y + 192. Let s be c(1). What is the highest common divisor of s and 9680?
8
Let x be 63/(-6)*48/2. Let t = 630 + x. Calculate the highest common divisor of 54 and t.
54
Let b(p) = p + 9. Let v be b(-2). Let n(t) = 6*t + 22. Let c be n(v). Let f = c - 43. Calculate the greatest common divisor of 3 and f.
3
Let d(p) = -2*p + 22. Suppose 5*w - 4 = 3*w. Suppose -w*l - 2*r - 3*r = 51, -4*l + 5*r = 27. Let b be d(l). What is the highest common factor of b and 72?
24
Let u(r) = 28*r**2 - 188*r - 40. Let j be u(7). Calculate the highest common factor of j and 488.
8
Let g = -7 - -20. Let y = 27 + g. Let k(h) = 2*h**2 - 7*h - 5. Let m be k(-5). Calculate the highest common factor of y and m.
40
Suppose -8*s + 13166 = 12766. Calculate the greatest common divisor of s and 14.
2
Let g be (-1210)/(-847) + (-32064)/(-7). What is the highest common factor of g and 58?
58
Let a(v) be the first derivative of 9*v**2 - 506*v - 32. Let t be a(41). What is the greatest common divisor of t and 29?
29
Let c be 4816/560 + 3/(-5). Calculate the greatest common divisor of c and 1656.
8
Let g = -180 - -185. Suppose -5*x + 10*x + 2*u = 2160, g*u = 0. Calculate the greatest common divisor of x and 12.
12
Let o = -8 - -7. Let n be o/(-5) + (-192)/(-15). Let k(c) = 2*c**2 + 50*c + 358. Let m be k(-19). Calculate the greatest common divisor of n and m.
13
Suppose 0 = -4*j - 593 + 2133. Calculate the highest common factor of 715 and j.
55
Let g be (56564/(-1432))/(1/(-50)). Calculate the highest common factor of g and 100.
25
Let k = 2089 + -958. Suppose k + 594 = 5*g. What is the highest common factor of g and 15?
15
Suppose -28872*g + 28882*g = 150. What is the greatest common factor of 363 and g?
3
Let a be (-84)/(6/(-10) - 12/180). Suppose -4*s - 8 = -8*s. Suppose -s*t - t + 42 = 0. What is the greatest common divisor of t and a?
14
Let x = 85 + -87. Let z be (300/(-8))/(-3)*(-20)/x. Let u = z - 87. Calculate the greatest common divisor of u and 38.
38
Let p(f) = 5*f + 53. Let l be p(-10). Let y = -24 - -40. What is the greatest common factor of l and y?
1
Suppose -4*f = -4*x - 137 - 319, x + 340 = 3*f. What is the greatest common factor of 5 and f?
1
Let o(w) = 3*w**3 + 11*w**2 + 6*w + 2. Let g be o(-3). Suppose 3*p = -g*u + 90, 5*p + 184 = 4*u + 9*p. What is the highest common divisor of 156 and u?
12
Suppose -4*g + 46381 - 7377 = 0. What is the highest common factor of g and 49?
49
Suppose -4*p + 16 = 0, 4*v + 6 = 5*p - 6. Suppose